{"id":36,"date":"2023-05-30T21:42:30","date_gmt":"2023-05-30T21:42:30","guid":{"rendered":"http:\/\/centrobelfiore.com\/?page_id=36"},"modified":"2023-06-27T09:22:03","modified_gmt":"2023-06-27T09:22:03","slug":"cavalli-e-sciamanesimo","status":"publish","type":"page","link":"https:\/\/centrobelfiore.com\/?page_id=36","title":{"rendered":"Cavalli e Sciamanesimo"},"content":{"rendered":"\n<p class=\"has-text-align-center has-medium-font-size\" style=\"font-style:italic;font-weight:400\">Grazie alla collaborazione con Gilda Foni, al Centro Belfiore potrai vivere questa fantastica esperienza, sicuramente unica nel suo genere.<\/p>\n\n\n<div class=\"wp-block-image\">\n<figure class=\"aligncenter size-full\"><img loading=\"lazy\" decoding=\"async\" width=\"1536\" height=\"2048\" src=\"http:\/\/centrobelfiore.com\/wp-content\/uploads\/2023\/05\/1685482658469.jpg\" alt=\"\" class=\"wp-image-39\"\/><\/figure>\n<\/div>\n\n\n<p class=\"has-text-align-center has-medium-font-size\" style=\"font-style:italic;font-weight:400\">&#8220;Gli incontri con i cavalli sono esperienze uniche profonde e trasformative.<\/p>\n\n\n\n<p class=\"has-text-align-center has-medium-font-size\" style=\"font-style:italic;font-weight:400\">I cavalli che incontrerai sono cavalli da monta, per questo il contatto \u00e8 ancora pi\u00f9 sorprendente e apprezzabile.<\/p>\n\n\n\n<p class=\"has-text-align-center has-medium-font-size\" style=\"font-style:italic;font-weight:400\">Il lavoro \u00e8 potente perch\u00e9 viene trasmesso un cambiamento su pi\u00f9 livelli: emotivo, quello corporale, quello mentale.<\/p>\n\n\n\n<p class=\"has-text-align-center has-medium-font-size\" style=\"font-style:italic;font-weight:400\">Ad ogni incontro c&#8217;\u00e8 una fase pre\/contatto e pre\/bendaggio che ci consente di entrare in avvicinamento con il cavallo in maniera pi\u00f9 aperta possibile per consentire una connessione ed uno scambio che va al di l\u00e0 della &#8220;sola&#8221; fascinazione e potenza del contatto, di per s\u00e9 di grande valore,ma che possa portare degli strumenti e visioni di vita per ogni persona.<\/p>\n\n\n\n<p class=\"has-text-align-center has-medium-font-size\" style=\"font-style:italic;font-weight:400\">C&#8217;\u00e8 una fase poi di ritiro dal contatto e di rielaborazione proprio per favorire la presa di consapevolezza dell&#8217;evoluzione avvenuta.<\/p>\n\n\n\n<p class=\"has-text-align-center has-medium-font-size\" style=\"font-style:italic;font-weight:400\">Il bendaggio serve proprio a favorire nel corpo un ascolto profondo e a sentirsi in unione completa senza l&#8217;interruzione della mente&#8221;.<\/p>\n\n\n\n<p class=\"has-text-align-center has-medium-font-size\" style=\"font-style:italic;font-weight:400\">Gli incontri verranno sostenuti, protetti e mediati da Gilda Foni e Giulia Rinaldini.<\/p>\n\n\n\n<p class=\"has-text-align-center has-medium-font-size\" style=\"font-style:italic;font-weight:400\">Gilda Foni ha creato e fortemente voluto questi incontri, per lei gli animali hanno un potere magico e curativo sull&#8217;essere umano.<\/p>\n\n\n\n<p class=\"has-text-align-center has-medium-font-size\" style=\"font-style:italic;font-weight:400\">Gilda Foni da sempre \u00e8 affascinata ed attratta dal mondo etologico, antropologico, animale.<\/p>\n\n\n\n<p class=\"has-text-align-center has-medium-font-size\" style=\"font-style:italic;font-weight:400\">\u00c8 counselor gestalt, mediatrice artistica (danza, teatro, foto, pittura, voce, ricerca di nuovi linguaggi), regista e insegnante teatrale, artista visiva\/ foto\/istallazioni, ha creato il metodo Teatrolistico, Lettura dell&#8217;Essenza e Movimento Persona.<\/p>\n\n\n\n<p class=\"has-text-align-center has-medium-font-size\" style=\"font-style:italic;font-weight:400\">\u00c8 esperta di sciamanesimo e ha avuto iniziazioni da curanderi Amazzoni.<\/p>\n\n\n\n<p class=\"has-text-align-center has-medium-font-size\" style=\"font-style:italic;font-weight:400\">\u00c8 inoltre master Reiki, psicobiogenealogista, esperta di linguaggio psicosomatico, tapping e altre discipline psicoenergetiche.<\/p>\n\n\n\n<p class=\"has-text-align-center has-medium-font-size\" style=\"font-style:italic;font-weight:400\">Viene dal mondo della danza, della ginnastica artistica e delle arti marziali, per lei il lavoro\/ contatto di esperienza con il corpo \u00e8 assolutamente necessario per una liberazione psicofisica anche di tipo culturale.<\/p>\n\n\n\n<p class=\"has-text-align-center has-medium-font-size\" style=\"font-style:italic;font-weight:400\">\u00c8 stata allieva di A.Jodorowsky, C.Jodorowsky e A.Bertoli<\/p>\n\n\n<style>#jtg-41 .modula-item .jtg-social a, .lightbox-socials.jtg-social a{ color: #ffffff }#jtg-41 .modula-item .jtg-social svg, .lightbox-socials.jtg-social svg { height: 16px; width: 16px }#jtg-41 .modula-item .jtg-social a:not(:last-child), .lightbox-socials.jtg-social a:not(:last-child) { margin-right: 10px }#jtg-41 .modula-item .figc {color:#ffffff;}#jtg-41 .modula-item .modula-item-content { transform: scale(1) }#jtg-41 { width:100%;}#jtg-41 .modula-items{height:800px;}@media screen and (max-width: 992px) {#jtg-41 .modula-items{height:800px;}}@media screen and (max-width: 768px) {#jtg-41 .modula-items{height:800px;}}#jtg-41 .modula-items .figc p.description { font-size:14px; }#jtg-41 .modula-items .figc p.description { color:#ffffff;}#jtg-41.modula-gallery .modula-item > a, #jtg-41.modula-gallery .modula-item, #jtg-41.modula-gallery .modula-item-content > a:not(.modula-no-follow) { cursor:zoom-in; } #jtg-41.modula-gallery .modula-item-content .modula-no-follow { cursor: default; } @media screen and (max-width:480px){#jtg-41 .modula-item .figc .jtg-title {  font-size: 12px; }#jtg-41 .modula-items .figc p.description { color:#ffffff;font-size:10px; }}<\/style>\n<!-- Gallery Container -->\n<div  id=\"jtg-41\" class=\"modula modula-gallery modula-creative-gallery\" data-config=\"{&quot;height&quot;:800,&quot;tabletHeight&quot;:800,&quot;mobileHeight&quot;:800,&quot;desktopHeight&quot;:800,&quot;enableTwitter&quot;:false,&quot;enableWhatsapp&quot;:false,&quot;enableFacebook&quot;:false,&quot;enablePinterest&quot;:false,&quot;enableLinkedin&quot;:false,&quot;enableEmail&quot;:false,&quot;randomFactor&quot;:0.5,&quot;type&quot;:&quot;creative-gallery&quot;,&quot;columns&quot;:12,&quot;gutter&quot;:10,&quot;mobileGutter&quot;:10,&quot;tabletGutter&quot;:10,&quot;desktopGutter&quot;:10,&quot;enableResponsive&quot;:&quot;0&quot;,&quot;tabletColumns&quot;:&quot;2&quot;,&quot;mobileColumns&quot;:&quot;1&quot;,&quot;lazyLoad&quot;:&quot;1&quot;,&quot;lightboxOpts&quot;:{&quot;loop&quot;:false,&quot;arrows&quot;:true,&quot;toolbar&quot;:true,&quot;keyboard&quot;:false,&quot;wheel&quot;:false,&quot;buttons&quot;:[&quot;close&quot;],&quot;hash&quot;:false,&quot;lang&quot;:&quot;en&quot;,&quot;touch&quot;:false,&quot;protect&quot;:false,&quot;i18n&quot;:{&quot;en&quot;:{&quot;CLOSE&quot;:&quot;Close&quot;,&quot;NEXT&quot;:&quot;Next&quot;,&quot;PREV&quot;:&quot;Previous&quot;,&quot;Error&quot;:&quot;The requested content cannot be loaded. Please try again later.&quot;,&quot;PLAY_START&quot;:&quot;Start slideshow&quot;,&quot;PLAY_STOP&quot;:&quot;Pause slideshow&quot;,&quot;FULL_SCREEN&quot;:&quot;Full screen&quot;,&quot;THUMBS&quot;:&quot;Thumbnails&quot;,&quot;DOWNLOAD&quot;:&quot;Download&quot;,&quot;SHARE&quot;:&quot;Share&quot;,&quot;ZOOM&quot;:&quot;Zoom&quot;}},&quot;clickSlide&quot;:false,&quot;clickOutside&quot;:false,&quot;dblclickContent&quot;:false,&quot;dblclickSlide&quot;:false,&quot;dblclickOutside&quot;:false,&quot;clickContent&quot;:false,&quot;baseTpl&quot;:&quot;&lt;div class=\\&quot;modula-fancybox-container modula-lightbox-jtg-41\\&quot; role=\\&quot;dialog\\&quot; tabindex=\\&quot;-1\\&quot;&gt;&lt;div class=\\&quot;modula-fancybox-bg\\&quot;&gt;&lt;\\\/div&gt;&lt;div class=\\&quot;modula-fancybox-inner\\&quot;&gt;&lt;div class=\\&quot;modula-fancybox-infobar\\&quot;&gt;&lt;span data-fancybox-index&gt;&lt;\\\/span&gt;&nbsp;\\\/&nbsp;&lt;span data-fancybox-count&gt;&lt;\\\/span&gt;&lt;\\\/div&gt;&lt;div class=\\&quot;modula-fancybox-toolbar\\&quot;&gt;{{buttons}}&lt;\\\/div&gt;&lt;div class=\\&quot;modula-fancybox-navigation\\&quot;&gt;{{arrows}}&lt;\\\/div&gt;&lt;div class=\\&quot;modula-fancybox-stage\\&quot;&gt;&lt;\\\/div&gt;&lt;div class=\\&quot;modula-fancybox-caption\\&quot;&gt;&lt;div class=\\&quot;modula-fancybox-caption__body\\&quot;&gt;&lt;\\\/div&gt;&lt;\\\/div&gt;&lt;\\\/div&gt;&lt;\\\/div&gt;&quot;},&quot;inView&quot;:false,&quot;email_subject&quot;:&quot;Check out this awesome image !!&quot;,&quot;email_message&quot;:&quot;Here is the link to the image : %%image_link%% and this is the link to the gallery : %%gallery_link%%&quot;,&quot;lightbox&quot;:&quot;fancybox&quot;}\">\n\n\t\n\t<!-- Items Container -->\n\t<div  class=\"modula-items\">\n\t\t<div class=\"modula-item effect-pufrobo\" >\n\t<div class=\"modula-item-overlay\"><\/div>\n\n\t<div class=\"modula-item-content\">\n\n\t\t\t\t\n\t\t\t\t\t<a data-image-id=\"42\" rel=\"jtg-41\" data-caption=\"\" aria-label=\"Open image in lightbox\" class=\"tile-inner modula-item-link\"><\/a>\n\t\t\n\t\t<img class=\"pic wp-image-42 lazyload\"  data-valign=\"middle\" data-halign=\"center\" alt=\"\" data-full=\"https:\/\/centrobelfiore.com\/wp-content\/uploads\/2023\/05\/1685482658240.jpg\" title=\"1685482658240\" width=\"300\" height=\"300\" data-src=\"https:\/\/centrobelfiore.com\/wp-content\/uploads\/2023\/05\/1685482658240.jpg\" data-caption=\"\" data-source=\"modula\"\/>\n\t\t<div class=\"figc no-description\">\n\t\t\t<div class=\"figc-inner\">\n\t\t\t\t\t\t\t\t\t\t\t\t\t\t\t<\/div>\n\t\t<\/div>\n\n\t<\/div>\n\n<\/div><div class=\"modula-item effect-pufrobo\" >\n\t<div class=\"modula-item-overlay\"><\/div>\n\n\t<div class=\"modula-item-content\">\n\n\t\t\t\t\n\t\t\t\t\t<a data-image-id=\"43\" rel=\"jtg-41\" data-caption=\"\" aria-label=\"Open image in lightbox\" class=\"tile-inner modula-item-link\"><\/a>\n\t\t\n\t\t<img class=\"pic wp-image-43 lazyload\"  data-valign=\"middle\" data-halign=\"center\" alt=\"\" data-full=\"https:\/\/centrobelfiore.com\/wp-content\/uploads\/2023\/05\/1685482658346-1.jpg\" title=\"1685482658346\" width=\"225\" height=\"300\" data-src=\"https:\/\/centrobelfiore.com\/wp-content\/uploads\/2023\/05\/1685482658346-1.jpg\" data-caption=\"\" data-source=\"modula\"\/>\n\t\t<div class=\"figc no-description\">\n\t\t\t<div class=\"figc-inner\">\n\t\t\t\t\t\t\t\t\t\t\t\t\t\t\t<\/div>\n\t\t<\/div>\n\n\t<\/div>\n\n<\/div><div class=\"modula-item effect-pufrobo\" >\n\t<div class=\"modula-item-overlay\"><\/div>\n\n\t<div class=\"modula-item-content\">\n\n\t\t\t\t\n\t\t\t\t\t<a data-image-id=\"44\" rel=\"jtg-41\" data-caption=\"\" aria-label=\"Open image in lightbox\" class=\"tile-inner modula-item-link\"><\/a>\n\t\t\n\t\t<img class=\"pic wp-image-44 lazyload\"  data-valign=\"middle\" data-halign=\"center\" alt=\"\" data-full=\"https:\/\/centrobelfiore.com\/wp-content\/uploads\/2023\/05\/1685482658364.jpg\" title=\"1685482658364\" width=\"300\" height=\"300\" data-src=\"https:\/\/centrobelfiore.com\/wp-content\/uploads\/2023\/05\/1685482658364.jpg\" data-caption=\"\" data-source=\"modula\"\/>\n\t\t<div class=\"figc no-description\">\n\t\t\t<div class=\"figc-inner\">\n\t\t\t\t\t\t\t\t\t\t\t\t\t\t\t<\/div>\n\t\t<\/div>\n\n\t<\/div>\n\n<\/div><div class=\"modula-item effect-pufrobo\" >\n\t<div class=\"modula-item-overlay\"><\/div>\n\n\t<div class=\"modula-item-content\">\n\n\t\t\t\t\n\t\t\t\t\t<a data-image-id=\"45\" rel=\"jtg-41\" data-caption=\"\" aria-label=\"Open image in lightbox\" class=\"tile-inner modula-item-link\"><\/a>\n\t\t\n\t\t<img class=\"pic wp-image-45 lazyload\"  data-valign=\"middle\" data-halign=\"center\" alt=\"\" data-full=\"https:\/\/centrobelfiore.com\/wp-content\/uploads\/2023\/05\/1685482658391.jpg\" title=\"1685482658391\" width=\"225\" height=\"300\" data-src=\"https:\/\/centrobelfiore.com\/wp-content\/uploads\/2023\/05\/1685482658391.jpg\" data-caption=\"\" data-source=\"modula\"\/>\n\t\t<div class=\"figc no-description\">\n\t\t\t<div class=\"figc-inner\">\n\t\t\t\t\t\t\t\t\t\t\t\t\t\t\t<\/div>\n\t\t<\/div>\n\n\t<\/div>\n\n<\/div><div class=\"modula-item effect-pufrobo\" >\n\t<div class=\"modula-item-overlay\"><\/div>\n\n\t<div class=\"modula-item-content\">\n\n\t\t\t\t\n\t\t\t\t\t<a data-image-id=\"46\" rel=\"jtg-41\" data-caption=\"\" aria-label=\"Open image in lightbox\" class=\"tile-inner modula-item-link\"><\/a>\n\t\t\n\t\t<img class=\"pic wp-image-46 lazyload\"  data-valign=\"middle\" data-halign=\"center\" alt=\"\" data-full=\"https:\/\/centrobelfiore.com\/wp-content\/uploads\/2023\/05\/1685482658496.jpg\" title=\"1685482658496\" width=\"225\" height=\"300\" data-src=\"https:\/\/centrobelfiore.com\/wp-content\/uploads\/2023\/05\/1685482658496.jpg\" data-caption=\"\" data-source=\"modula\"\/>\n\t\t<div class=\"figc no-description\">\n\t\t\t<div class=\"figc-inner\">\n\t\t\t\t\t\t\t\t\t\t\t\t\t\t\t<\/div>\n\t\t<\/div>\n\n\t<\/div>\n\n<\/div><div class=\"modula-item effect-pufrobo\" >\n\t<div class=\"modula-item-overlay\"><\/div>\n\n\t<div class=\"modula-item-content\">\n\n\t\t\t\t\n\t\t\t\t\t<a data-image-id=\"47\" rel=\"jtg-41\" data-caption=\"\" aria-label=\"Open image in lightbox\" class=\"tile-inner modula-item-link\"><\/a>\n\t\t\n\t\t<img class=\"pic wp-image-47 lazyload\"  data-valign=\"middle\" data-halign=\"center\" alt=\"\" data-full=\"https:\/\/centrobelfiore.com\/wp-content\/uploads\/2023\/05\/1685482658538.jpg\" title=\"1685482658538\" width=\"225\" height=\"300\" data-src=\"https:\/\/centrobelfiore.com\/wp-content\/uploads\/2023\/05\/1685482658538.jpg\" data-caption=\"\" data-source=\"modula\"\/>\n\t\t<div class=\"figc no-description\">\n\t\t\t<div class=\"figc-inner\">\n\t\t\t\t\t\t\t\t\t\t\t\t\t\t\t<\/div>\n\t\t<\/div>\n\n\t<\/div>\n\n<\/div><div class=\"modula-item effect-pufrobo\" >\n\t<div class=\"modula-item-overlay\"><\/div>\n\n\t<div class=\"modula-item-content\">\n\n\t\t\t\t\n\t\t\t\t\t<a data-image-id=\"48\" rel=\"jtg-41\" data-caption=\"\" aria-label=\"Open image in lightbox\" class=\"tile-inner modula-item-link\"><\/a>\n\t\t\n\t\t<img class=\"pic wp-image-48 lazyload\"  data-valign=\"middle\" data-halign=\"center\" alt=\"\" data-full=\"https:\/\/centrobelfiore.com\/wp-content\/uploads\/2023\/05\/1685482658552.jpg\" title=\"1685482658552\" width=\"225\" height=\"300\" data-src=\"https:\/\/centrobelfiore.com\/wp-content\/uploads\/2023\/05\/1685482658552.jpg\" data-caption=\"\" data-source=\"modula\"\/>\n\t\t<div class=\"figc no-description\">\n\t\t\t<div class=\"figc-inner\">\n\t\t\t\t\t\t\t\t\t\t\t\t\t\t\t<\/div>\n\t\t<\/div>\n\n\t<\/div>\n\n<\/div><div class=\"modula-item effect-pufrobo\" >\n\t<div class=\"modula-item-overlay\"><\/div>\n\n\t<div class=\"modula-item-content\">\n\n\t\t\t\t\n\t\t\t\t\t<a data-image-id=\"49\" rel=\"jtg-41\" data-caption=\"\" aria-label=\"Open image in lightbox\" class=\"tile-inner modula-item-link\"><\/a>\n\t\t\n\t\t<img class=\"pic wp-image-49 lazyload\"  data-valign=\"middle\" data-halign=\"center\" alt=\"\" data-full=\"https:\/\/centrobelfiore.com\/wp-content\/uploads\/2023\/05\/1685482658582.jpg\" title=\"1685482658582\" width=\"225\" height=\"300\" data-src=\"https:\/\/centrobelfiore.com\/wp-content\/uploads\/2023\/05\/1685482658582.jpg\" data-caption=\"\" data-source=\"modula\"\/>\n\t\t<div class=\"figc no-description\">\n\t\t\t<div class=\"figc-inner\">\n\t\t\t\t\t\t\t\t\t\t\t\t\t\t\t<\/div>\n\t\t<\/div>\n\n\t<\/div>\n\n<\/div><div class=\"modula-item effect-pufrobo\" >\n\t<div class=\"modula-item-overlay\"><\/div>\n\n\t<div class=\"modula-item-content\">\n\n\t\t\t\t\n\t\t\t\t\t<a data-image-id=\"50\" rel=\"jtg-41\" data-caption=\"\" aria-label=\"Open image in lightbox\" class=\"tile-inner modula-item-link\"><\/a>\n\t\t\n\t\t<img class=\"pic wp-image-50 lazyload\"  data-valign=\"middle\" data-halign=\"center\" alt=\"\" data-full=\"https:\/\/centrobelfiore.com\/wp-content\/uploads\/2023\/05\/1685482658651.jpg\" title=\"1685482658651\" width=\"225\" height=\"300\" data-src=\"https:\/\/centrobelfiore.com\/wp-content\/uploads\/2023\/05\/1685482658651.jpg\" data-caption=\"\" data-source=\"modula\"\/>\n\t\t<div class=\"figc no-description\">\n\t\t\t<div class=\"figc-inner\">\n\t\t\t\t\t\t\t\t\t\t\t\t\t\t\t<\/div>\n\t\t<\/div>\n\n\t<\/div>\n\n<\/div>\t\t\n\t<\/div>\n\n\t\n\t\n\t<script type=\"application\/ld+json\">\n\t{\n\t\t\"@context\": \"http:\/\/schema.org\",\n\t\t\"@type\"   : \"ImageGallery\",\n\t\t\"id\"      : \"https:\/\/centrobelfiore.com\",\n\t\t\"url\"     : \"https:\/\/centrobelfiore.com\"\n\t}\n\n    <\/script>\n\n\t\n<\/div>","protected":false},"excerpt":{"rendered":"<p>Grazie alla collaborazione con Gilda Foni, al Centro Belfiore potrai vivere questa fantastica esperienza, sicuramente unica nel suo genere. &#8220;Gli incontri con i cavalli sono esperienze uniche profonde e trasformative. I cavalli che incontrerai sono cavalli da monta, per questo il contatto \u00e8 ancora pi\u00f9 sorprendente e apprezzabile. Il lavoro \u00e8 potente perch\u00e9&#8230;<\/p>\n","protected":false},"author":1,"featured_media":0,"parent":0,"menu_order":0,"comment_status":"closed","ping_status":"closed","template":"","meta":{"footnotes":""},"class_list":["post-36","page","type-page","status-publish","hentry"],"_links":{"self":[{"href":"https:\/\/centrobelfiore.com\/index.php?rest_route=\/wp\/v2\/pages\/36","targetHints":{"allow":["GET"]}}],"collection":[{"href":"https:\/\/centrobelfiore.com\/index.php?rest_route=\/wp\/v2\/pages"}],"about":[{"href":"https:\/\/centrobelfiore.com\/index.php?rest_route=\/wp\/v2\/types\/page"}],"author":[{"embeddable":true,"href":"https:\/\/centrobelfiore.com\/index.php?rest_route=\/wp\/v2\/users\/1"}],"replies":[{"embeddable":true,"href":"https:\/\/centrobelfiore.com\/index.php?rest_route=%2Fwp%2Fv2%2Fcomments&post=36"}],"version-history":[{"count":9,"href":"https:\/\/centrobelfiore.com\/index.php?rest_route=\/wp\/v2\/pages\/36\/revisions"}],"predecessor-version":[{"id":546,"href":"https:\/\/centrobelfiore.com\/index.php?rest_route=\/wp\/v2\/pages\/36\/revisions\/546"}],"wp:attachment":[{"href":"https:\/\/centrobelfiore.com\/index.php?rest_route=%2Fwp%2Fv2%2Fmedia&parent=36"}],"curies":[{"name":"wp","href":"https:\/\/api.w.org\/{rel}","templated":true}]}}